3807?
17, 47, 593
What are the prime factors of 752093?
752093
What are the prime factors of 1134293?
373, 3041
What are the prime factors of 1006516?
2, 7, 103, 349
What are the prime factors of 117121?
173, 677
What are the prime factors of 724536?
2, 3, 29, 347
What are the prime factors of 2935837?
2935837
What are the prime factors of 4293641?
11, 73, 5347
List the prime factors of 26461.
47, 563
What are the prime factors of 16556347?
757, 21871
What are the prime factors of 1294406?
2, 499, 1297
List the prime factors of 457491.
3, 73, 2089
List the prime factors of 227922.
2, 3, 37987
What are the prime factors of 15295?
5, 7, 19, 23
List the prime factors of 19887259.
7, 283, 10039
What are the prime factors of 4889827?
461, 10607
List the prime factors of 19459561.
11, 503, 3517
What are the prime factors of 265739?
265739
List the prime factors of 1231899.
3, 283, 1451
List the prime factors of 730022.
2, 53, 71, 97
What are the prime factors of 11881729?
2281, 5209
What are the prime factors of 2253755?
5, 7, 9199
What are the prime factors of 9845709?
3, 83, 39541
What are the prime factors of 1950193?
7, 23, 12113
List the prime factors of 20671707.
3, 7, 984367
What are the prime factors of 238548?
2, 3, 103, 193
What are the prime factors of 2284362?
2, 3, 59, 239
What are the prime factors of 374701?
374701
List the prime factors of 3008908.
2, 7, 41, 2621
What are the prime factors of 227773?
7, 13, 2503
List the prime factors of 2131121.
47, 45343
What are the prime factors of 2604860?
2, 5, 139, 937
What are the prime factors of 1424057?
53, 97, 277
What are the prime factors of 102595?
5, 17, 71
What are the prime factors of 5770514?
2, 17, 43, 3947
What are the prime factors of 2441992?
2, 7, 43607
What are the prime factors of 75819?
3, 127, 199
What are the prime factors of 3777518?
2, 1888759
What are the prime factors of 11985876?
2, 3, 7, 47563
What are the prime factors of 21665633?
11, 17, 115859
List the prime factors of 10406090.
2, 5, 103, 10103
List the prime factors of 43575.
3, 5, 7, 83
List the prime factors of 393554.
2, 7, 28111
What are the prime factors of 33438855?
3, 5, 47, 47431
What are the prime factors of 160081?
160081
List the prime factors of 1359369.
3, 11, 23, 199
List the prime factors of 317931.
3, 105977
List the prime factors of 1598319.
3, 59197
List the prime factors of 1464436.
2, 269, 1361
What are the prime factors of 302140?
2, 5, 15107
What are the prime factors of 7436325?
3, 5, 13, 29, 263
List the prime factors of 1732779.
3, 29, 2213
What are the prime factors of 5799577?
7, 313, 2647
List the prime factors of 540383.
540383
List the prime factors of 48468.
2, 3, 7, 577
What are the prime factors of 4955252?
2, 433, 2861
What are the prime factors of 5754685?
5, 31, 137, 271
What are the prime factors of 418986?
2, 3, 7759
List the prime factors of 928962.
2, 3, 17203
What are the prime factors of 12036402?
2, 3, 7, 95527
What are the prime factors of 1856750?
2, 5, 7, 1061
List the prime factors of 465905.
5, 11, 43, 197
What are the prime factors of 2080906?
2, 31, 33563
List the prime factors of 148469.
148469
List the prime factors of 1680938.
2, 7, 120067
List the prime factors of 739720.
2, 5, 18493
List the prime factors of 6309469.
107, 58967
List the prime factors of 252926.
2, 17, 43, 173
What are the prime factors of 879764?
2, 219941
List the prime factors of 63938.
2, 7, 4567
List the prime factors of 112107.
3, 37369
List the prime factors of 25505173.
37, 179, 3851
List the prime factors of 1481869.
97, 15277
List the prime factors of 4499143.
11, 19, 103
List the prime factors of 341978.
2, 7, 13, 1879
What are the prime factors of 465190?
2, 5, 11, 4229
What are the prime factors of 413628?
2, 3, 34469
What are the prime factors of 4456078?
2, 11, 202549
What are the prime factors of 16712254?
2, 13, 642779
What are the prime factors of 3756428?
2, 13, 29, 47, 53
What are the prime factors of 446094?
2, 3, 11, 751
List the prime factors of 756855.
3, 5, 11, 139
What are the prime factors of 77041?
77041
What are the prime factors of 9095026?
2, 4547513
List the prime factors of 786802.
2, 393401
List the prime factors of 387773.
89, 4357
What are the prime factors of 85626?
2, 3, 67, 71
What are the prime factors of 195842?
2, 181, 541
List the prime factors of 162744.
2, 3, 6781
List the prime factors of 285082.
2, 7, 2909
What are the prime factors of 1197609?
3, 7, 8147
List the prime factors of 3100908.
2, 3, 79, 3271
List the prime factors of 2470814.
2, 17, 72671
List the prime factors of 2541826.
2, 7, 37, 701
List the prime factors of 1564772.
2, 11, 53, 61
List the prime factors of 1867663.
7, 367, 727
List the prime factors of 1816453.
1816453
What are the prime factors of 317930?
2, 5, 31793
List the prime factors of 175376.
2, 97, 113
What are the prime factors of 9424905?
3, 5, 7, 12823
What are the prime factors of 1058213?
13, 81401
What are the prime factors of 13111?
7, 1873
List the prime factors of 17122348.
2, 569, 7523
What are the prime factors of 20675178?
2, 3, 1148621
What are the prime factors of 4891725?
3, 5, 7247
What are the prime factors of 32014?
2, 16007
What are the prime factors of 516926?
2, 131, 1973
What are the prime factors of 503730?
2, 3, 5, 29, 193
List the prime factors of 385628.
2, 17, 53, 107
List the prime factors of 545246.
2, 13, 67, 313
What are the prime factors of 1622583?
3, 180287
List the prime factors of 2430695.
5, 486139
List the prime factors of 746718.
2, 3, 7, 23, 773
List the prime factors of 6953952.
2, 3, 17, 4261
List the prime factors of 471948.
2, 3, 67, 587
List the prime factors of 13432611.
3, 4477537
List the prime factors of 10054358.
2, 23, 29, 7537
List the prime factors of 151596.
2, 3, 4211
What are the prime factors of 852311?
23, 37057
List the prime factors of 421171.
37, 11383
List the prime factors of 1903015.
5, 41, 9283
List the prime factors of 237547.
237547
List the prime factors of 5087046.
2, 3, 17, 53, 941
List the prime factors of 92002.
2, 157, 293
What are the prime factors of 253237?
73, 3469
List the prime factors of 164494.
2, 11, 7477
List the prime factors of 1403282.
2, 17, 149, 277
What are the prime factors of 3870404?
2, 107, 9043
What are the prime factors of 31558658?
2, 19, 167, 4973
What are the prime factors of 180022?
2, 90011
What are the prime factors of 1009824?
2, 3, 67, 157
What are the prime factors of 396951?
3, 307, 431
List the prime factors of 262714.
2, 131357
What are the prime factors of 2286893?
7, 383, 853
What are the prime factors of 4005713?
19, 210827
List the prime factors of 15902978.
2, 7, 13, 59, 1481
List the prime factors of 19421555.
5, 3884311
What are the prime factors of 27230?
2, 5, 7, 389
What are the prime factors of 1146800?
2, 5, 47, 61
What are the prime factors of 387197?
387197
List the prime factors of 6477677.
6477677
What are the prime factors of 5177716?
2, 43, 30103
List the prime factors of 158322.
2, 3, 26387
What are the prime factors of 5933?
17, 349
What are the prime factors of 148938?
2, 3, 103, 241
List the prime factors of 536471.
13, 29, 1423
List the prime factors of 14340721.
313, 45817
What are the prime factors of 4767938?
2, 7, 97, 3511
What are the prime factors of 31833739?
7, 1051, 4327
List the prime factors of 550105.
5, 269, 409
What are the prime factors of 7579546?
2, 13, 291521
List the prime factors of 856768.
2, 11, 1217
List the prime factors of 30223228.
2, 7, 37, 29173
List the prime factors of 16390300.
2, 5, 251, 653
What are the prime factors of 11788734?
2, 3, 1964789
What are the prime factors of 251289?
3, 41, 227
What are the prime factors of 1031231?
1031231
What are the prime factors of 358707?
3, 119569
What are the prime factors of 2220286?
2, 613, 1811
What are the prime factors of 126546?
2, 3, 7, 23, 131
What are the prime factors of 8341814?
2, 13, 320839
List the prime factors of 171324.
2, 3, 4759
List the prime factors of 6501480.
2, 3, 5, 17, 3187
What are the prime factors of 7098691?
7098691
List the prime factors of 1923892.
2, 179, 2687
List the prime factors of 2558165.
5, 511633
List the prime factors of 6832838.
2, 1637, 2087
What are the prime factors of 